41 divide 38335?
True
Is 52019 a multiple of 4?
False
Is 55 a factor of 1460250?
True
Is 6901724 a multiple of 25?
False
Does 197 divide 21172689?
False
Does 89 divide 19514?
False
Is 436150 a multiple of 13?
True
Does 392 divide 107442?
False
Does 39 divide 214153?
False
Does 107 divide 1847797?
False
Is 69953 a multiple of 5?
False
Does 375 divide 1000668?
False
Is 137 a factor of 3973?
True
Is 81885 a multiple of 103?
True
Is 7 a factor of 44922?
False
Is 102176 a multiple of 206?
True
Does 32 divide 1939415?
False
Is 18 a factor of 4939771?
False
Is 80 a factor of 229360?
True
Is 18 a factor of 90659?
False
Is 14556 a multiple of 12?
True
Does 67 divide 420760?
True
Is 976491 a multiple of 38?
False
Is 39 a factor of 467415?
True
Does 16 divide 6832624?
True
Does 467 divide 3169062?
True
Is 127498 a multiple of 5?
False
Is 2790744 a multiple of 22?
True
Is 137100 a multiple of 50?
True
Is 7 a factor of 289909?
False
Does 84 divide 4985064?
True
Does 28 divide 362247?
False
Is 247172 a multiple of 244?
True
Is 54675 a multiple of 75?
True
Is 247 a factor of 547021?
False
Is 1514 a factor of 13320296?
False
Is 207621 a multiple of 828?
False
Is 27297118 a multiple of 10?
False
Does 798 divide 1490859?
False
Does 83 divide 6996402?
True
Does 16 divide 183984?
True
Does 19 divide 84455?
True
Does 24 divide 2516112?
True
Is 19 a factor of 219260?
True
Is 236352 a multiple of 9?
False
Is 12 a factor of 1057812?
True
Does 524 divide 3235176?
True
Is 338 a factor of 2346058?
True
Does 11 divide 44440?
True
Is 25659 a multiple of 9?
True
Does 33 divide 14190?
True
Does 7 divide 466457?
False
Is 4 a factor of 39401?
False
Is 1188972 a multiple of 218?
True
Does 14 divide 9422?
True
Is 2498588 a multiple of 482?
False
Is 312350 a multiple of 5?
True
Does 254 divide 341044?
False
Is 5193144 a multiple of 869?
True
Is 13482395 a multiple of 1465?
True
Is 12033 a multiple of 8?
False
Is 23 a factor of 862209?
False
Does 256 divide 10303488?
True
Is 4 a factor of 13908?
True
Is 113774 a multiple of 10?
False
Does 75 divide 7484213?
False
Is 265145 a multiple of 32?
False
Is 447 a factor of 424203?
True
Does 74 divide 345728?
True
Is 86989 a multiple of 545?
False
Does 21 divide 1768116?
True
Is 2147551 a multiple of 357?
False
Is 323 a factor of 16712652?
False
Does 393 divide 194928?
True
Does 23 divide 1300742?
True
Is 82044 a multiple of 106?
True
Is 906368 a multiple of 73?
True
Is 53315 a multiple of 34?
False
Does 9 divide 1011087?
True
Is 11 a factor of 340571?
True
Is 176882 a multiple of 59?
True
Is 13 a factor of 992255?
False
Is 17719 a multiple of 149?
False
Is 2139808 a multiple of 13?
False
Is 9349306 a multiple of 82?
False
Does 43 divide 1697012?
False
Is 10 a factor of 117423?
False
Is 129989 even?
False
Is 9475824 a multiple of 24?
True
Does 17 divide 129897?
True
Does 59 divide 5900?
True
Is 173446 a multiple of 32?
False
Is 73932 a multiple of 8?
False
Does 490 divide 23958?
False
Is 5 a factor of 3430?
True
Does 703 divide 267026?
False
Is 30 a factor of 5100930?
True
Is 347 a factor of 684978?
True
Is 13421682 a multiple of 18?
True
Is 4 a factor of 379548?
True
Is 2098 a multiple of 12?
False
Is 2301266 a multiple of 638?
True
Does 6 divide 42043?
False
Is 3 a factor of 76422?
True
Is 3 a factor of 78835?
False
Is 98 a factor of 2152491?
False
Is 34274 a multiple of 13?
False
Does 102 divide 1123387?
False
Is 15168000 a multiple of 790?
True
Does 251 divide 4012618?
False
Is 72 a factor of 147096?
True
Is 9 a factor of 743569?
False
Is 1456911 a multiple of 943?
False
Does 160 divide 332171?
False
Is 1277958 a multiple of 201?
True
Is 213528 a multiple of 93?
True
Does 310 divide 282494?
False
Is 423 a factor of 332055?
True
Is 6 a factor of 63036?
True
Does 7 divide 1017317?
True
Is 11 a factor of 58309?
False
Does 76 divide 2094864?
True
Is 586950 a multiple of 350?
True
Does 8 divide 33920?
True
Is 1018300 a multiple of 340?
True
Is 14190 a multiple of 107?
False
Does 443 divide 131571?
True
Does 2 divide 62607?
False
Is 979512 a multiple of 27?
False
Does 17 divide 78965?
True
Is 58105 a multiple of 7?
False
Does 192 divide 7270645?
False
Is 679 a factor of 363944?
True
Is 135755 a multiple of 328?
False
Is 90 a factor of 6480540?
True
Is 142 a factor of 621639?
False
Is 633900 a multiple of 50?
True
Is 116515 a multiple of 13?
False
Does 37 divide 201132?
True
Does 181 divide 1563743?
False
Is 18 a factor of 276696?
True
Does 3 divide 1359213?
True
Is 33184 a multiple of 61?
True
Does 8 divide 234798?
False
Does 5 divide 45355?
True
Is 4 a factor of 3558186?
False
Is 5807 even?
False
Is 2082057 a multiple of 36?
False
Is 67 a factor of 859409?
True
Is 164786 a multiple of 173?
False
Is 394191 a multiple of 37?
False
Is 213 a factor of 11569734?
True
Does 42 divide 595056?
True
Is 226 a factor of 2382040?
True
Does 319 divide 2398242?
True
Is 18339 a multiple of 35?
False
Does 8 divide 3100956?
False
Does 33 divide 1038616?
False
Is 222 a factor of 116917?
False
Is 983239 a multiple of 485?
False
Is 287569 a multiple of 23?
True
Is 66 a factor of 283206?
True
Does 192 divide 5086734?
False
Does 15 divide 10076895?
True
Is 347755 a multiple of 432?
False
Is 46703 a multiple of 22?
False
Does 4 divide 6051?
False
Does 3 divide 371733?
True
Is 2229696 a multiple of 9?
True
Is 250504 a multiple of 173?
True
Is 428454 a multiple of 234?
True
Is 113 a factor of 1527147?
False
Is 25329 a multiple of 9?
False
Does 63 divide 38461?
False
Does 46 divide 23058?
False
Is 248404 a multiple of 13?
True
Does 20 divide 1066680?
True
Does 26 divide 32110?
True
Is 15 a factor of 977269?
False
Does 48 divide 1389026?
False
Is 17996203 a multiple of 50?
False
Is 23 a factor of 179056?
False
Is 82 a factor of 759643?
False
Is 10492240 a multiple of 22?
True
Is 4 a factor of 131968?
True
Does 6 divide 9138?
True
Does 772 divide 5402456?
True
Is 103 a factor of 39037?
True
Is 1427182 a multiple of 516?
False
Does 38 divide 22776024?
False
Is 210 a factor of 12814620?
True
Is 59717 a multiple of 5?
False
Is 5982754 a multiple of 93?
False
Is 30 a factor of 83010?
True
Is 4 a factor of 213623?
False
Does 4 divide 1810100?
True
Is 31 a factor of 442649?
True
Does 254 divide 2003806?
True
Is 6632043 a multiple of 257?
False
Does 1187 divide 2502196?
True
Is 3457608 a multiple of 12?
True
Does 87 divide 209686?
False
Is 50 a factor of 258400?
True
Is 45 a factor of 21190544?
False
Does 40 divide 2295?
False
Is 47 a factor of 12188?
False
Does 22 divide 137654?
True
Does 221 divide 3047590?
True
Does 18 divide 846488?
False
Is 26 a factor of 87932?
True
Does 308 divide 1789246?
False
Is 986293 a multiple of 15?
False
Does 237 divide 3586092?
False
Does 17 divide 18777485?
False
Is 62 a factor of 1178888?
False
Is 232362 a multiple of 331?
True
Is 342 a factor of 1529766?
True
Is 46 a factor of 197822?
False
Is 294084 a multiple of 9?
True
Is 53 a factor of 20405?
True
Does 133 divide 712716?
False
Is 91413 a multiple of 79?
False
Is 105211 a multiple of 32?
False
Is 4824664 a multiple of 26?
True
Is 16 a factor of 264384?
True
Does 483 divide 7931826?
True
Is 97155 a multiple of 17?
True
Does 135 divide 51530?
False
Is 2951819 a multiple of 30?
False
Is 75 a factor of 488975?
False
Is 16330 a multiple of 71?
True
Is 786 a factor of 5609682?
True
Is 316130 a multiple of 86?
False
Is 1321729 a multiple of 657?
False
Is 426468 a multiple of 84?
True
Does 7 divide 148073?
False
Is 10973232 a multiple of 16?
True
Does 988 divide 41496?
True
Is 98397 a multiple of 39?
True
Does 7 divide 98287?
True
Is 73 a factor of 628729?
False
Is 2 a factor of 332716?
True
Is 490 a factor of 338291?
False
Does 138 divide 434148?
True
Is 9781767 a multiple of 603?
False
Is 690 a factor of 1714132?
False
Is 34295 a multiple of 143?
False
Is 319935 a multiple of 142?
False
Does 206 divide 14066298?
True
Is 22 a factor of 980549?
False
Does 132 divide 32941656?
True
Is 5 a factor of 12521?
False
Is 889 a factor of 488455?
False
Is 15 a factor of 7200?
True
Is 17 a factor of 4299266?
True
Does 1999 divide 3784286?
False
Is 245 a factor of 242410?
False
Does 72 divide 164016?
True
Does 36 divide 14341528?
False
Is 393 a factor of 267649?
False
Does 93 divide 17428386?
True
Is 